)) + 2 + 123?
113
Evaluate -58 + (-22 + 50 + -21 - 22) - (17 - 2).
-88
Evaluate 4386 + -4346 + 5 + (-3 - -2).
44
Calculate 26 + (-1 - -25) + (3 - -3 - (38 + -20)).
38
What is the value of 11 + ((-8 - -18) + -9 - (2 + -3 + 2))?
11
What is (-10 - -3) + -8 + -2 + (2 - -19) + 45?
49
Evaluate 1 - 1 - ((27 - 7) + (1 - (-9 + 35))).
5
What is the value of 5 - -17 - (-9 + (4 + 21 - (22 - 14)))?
14
(-53 - (-24 - 19)) + (-1 - -1)
-10
Evaluate -18 + -7 - -19 - (44 - -2).
-52
Calculate -4 + -1 + (-3 + -7 - -19) + 50.
54
(-1 - -1) + 27 + (-9554 - -9496)
-31
-18 - (39 + (8 - 33))
-32
(1 - (2 - 5)) + (-3 - 18) - (-190 - -180)
-7
-93 - -106 - (3 - 1) - (-16 - 40)
67
Calculate 17 + 13 + 10 + -33 + 4 + (-84 - 0).
-73
What is 4 - (6 - (63 + (11 - (-6 + (22 - 12)))))?
68
What is (4 - 9 - -5) + 93 + -4 + 7 + -7?
89
Evaluate -65 + (31 - (-43 + 33)).
-24
Evaluate (6 - 3) + 8 + 0 - ((11 - 22) + 78).
-56
Evaluate 151 - 204 - (4 + 6 + -11 + -1).
-51
Calculate -1 + -3 + -30 + -439 + 449.
-24
What is -33 + 83 + 41 + -93?
-2
Calculate -1 + -4 + -11 - (-138 + 127) - (-2 - -5).
-8
What is the value of -20 - (75 + -98) - (14 + 1) - (-78 + 1)?
65
What is the value of (-69 - -17) + (3 - (-1 - -1)) + (895 - 892)?
-46
5 + -14 + -7 + (12 - -5) + -19
-18
What is the value of (3 - 14) + (13 - (6 + -10) - 12) + 9?
3
What is -2 + -65 - (-265 + 234) - (3 - (6 - -3))?
-30
Calculate 80 + 7 + -55 + 45.
77
Evaluate -47 + (-12 + 5 - -3) - (37 + (-58 - -13)).
-43
What is -658 - -648 - (24 + (4 - 3))?
-35
(-13 - -25) + 21 + -30 + -9
-6
(361 - 342) + (2 - 26)
-5
Calculate 1 + -8 + (-2 - -15) + 0 + (73 - 3).
76
17 + (162 - 146 - (0 + 54))
-21
Calculate (-1 - 3) + (4 - 22 - -13) + -10 + 2.
-17
590 + -595 + (-3 - 1) - 31
-40
What is the value of 75 - (-39 + 16 + (-18 - -43))?
73
-4 + 12 - (8 + (-18 - (22 + 8)))
48
Evaluate -27 - -12 - (1 + -14) - (-7 + 49).
-44
(-2 - 18) + (49 - 14) - 16
-1
What is 12 + 65 + -33 - (4 + -44)?
84
What is the value of -68 + -6 - (-40 - (-51 + 16))?
-69
What is (951 - 918) + -6 + 4 + 0 + -4?
27
Calculate 9 - (47 - 37 - -8) - (-67 + 0).
58
Evaluate -3 - -7 - 6 - (200 + -115) - -17.
-70
(-29 - (-76 - -115)) + 11
-57
Calculate -16 + -3 + 4 - (11 + 16).
-42
Calculate 4 + 4 + (3 - 5) + (32 - 33).
5
What is 7 + (3 + 3 - 8 - (-80 + 34)) - -5?
56
Calculate 10 + (-23 - (-13 + -9)) + 5.
14
800 - 782 - (24 + 0)
-6
Calculate (41 - 3) + -25 + (-60 - 4 - 9).
-60
What is the value of 10 - 101 - (-1525 + 1464)?
-30
16 + -2 + 0 + 1 - 4 - (-1208 - -1283)
-64
Calculate 756 + -750 + (-7 - (3 + 0)).
-4
What is the value of -11 + (5 - 15) + 5 + 8 - -5?
-3
What is the value of -18 - -53 - 48 - 26?
-39
Evaluate 1396 - 1341 - (-2 - -51).
6
What is -5 - (0 + 1) - (-11 - (106 + -112))?
-1
4 + (1 - -11 - (19 - (-28 + 23))) - 9
-17
Calculate (47 - (-12 - 5 - 6)) + -9.
61
-11 + 19 + 1 + -11 - -37 - (8 - -3)
24
What is the value of 18 + (6 - -6) + -26 - (5 + -25 + 3)?
21
69 - (75 + -16 + -42)
52
Calculate (-9 - 1) + (78 - (32 + (15 - 12))).
33
58 + -59 + (7 - -1) + -14 + 105
98
Calculate -30 - (114 + -46) - -52.
-46
Evaluate 38 + -5 + -27 + 18.
24
What is -67 + (240 - (209 - 126))?
90
Evaluate -26 + (4 - (1 - 17)) - -16.
10
Calculate 39 + (-45 - -61 - 43).
12
Calculate (51 - (47 + 0)) + -26.
-22
What is the value of 36 + 35 + -80 + 53?
44
What is the value of -11 + 8 + 6 - -3 - (-3 - (16 - 9))?
16
Evaluate -39 + 4 + (-12 - (41 - 12)).
-76
Calculate 100 + 28 + -9 + (58 - 54).
123
What is (33 + -4 + -34 - -7) + (0 - -46)?
48
Calculate (3 - (4 + -131)) + -2384 + 2348.
94
Evaluate (3 - (-6 - 2)) + (-41 - 18) + 1.
-47
Evaluate (-7 - -12) + -28 - (-7 + (-7 - -10)).
-19
Calculate (34 - (16 + 9)) + 12 + -9.
12
Calculate 13 - 29 - (-8 + (-1 - 13)).
6
Calculate (0 - 5) + 17 + (-18 + -9 - -16) + -32.
-31
What is the value of (-462 - -233 - -220) + (-2 - 53) + -1 + 1?
-64
Evaluate (-3 - -2) + -25 + -17 + 6.
-37
What is the value of -4 + (-4 - (-22 + 1 + 10 + 12)) - 41?
-50
Calculate 24 + (0 - 1) - (-134 + -147 + 282).
22
Calculate 34 + 11 + (10 - (-13 + 36)) - 9.
23
What is 31 + (2 - 3) - (1732 - 1734)?
32
What is 0 - -9 - 2 - 0 - (-333 + 328)?
12
Calculate 2 + 57 - (39 + 56 + -77).
41
What is 36 - (-110 - -149) - (1 - -33)?
-37
Calculate (71 + (-4 - 19) - (-5 + 2 + -6)) + -2.
55
Evaluate 338 + -348 + (1 - -15) - 26.
-20
Calculate 108 - (-3 + -5 + (13 + 24 - 19)).
98
What is 50 - (-38 - (-16 - 21))?
51
What is 10 + -65 + 38 + 41 + 0?
24
Evaluate 22 + (-45 - -2) - (-12 - 23).
14
What is the value of 0 + -12 + 0 + (116 + -48 + -24 - 4)?
28
Evaluate (5 - 0 - (36 + -33)) + (9 - 3 - 17).
-9
-13 - (22 + (13 - 43)) - (3 + -1)
-7
What is 88 + 79 + -56 - 146?
-35
What is the value of 96 + (17 - (47 - -8))?
58
Evaluate 47 - (143 - (6 + 8)).
-82
-95 + (10 - 9) + 17 + (36 - 48)
-89
Evaluate -139 + 212 + (-2 - 0) + -3 + 0 + -1.
67
What is -75 + (23 - (-8 + (47 - 21)))?
-70
What is ((-6 - -18) + -24 - (2 + -9)) + -2 + -8?
-15
-4 - (-235 - -248 - (50 - (-4 - -2)))
35
What is the value of 2 + (12 - 14 - -6) - (1 + 0 + 41)?
-36
Evaluate -56 + 1 - (-6 + -49 + 65).
-65
-2 + 40 + -31 + -38
-31
What is -16 - (-16 + 11 - -37)?
-48
Calculate 5 - (-3 + (-14 + -2 - 2)).
26
What is 2 + 2 - ((8 - -61) + -87)?
22
What is the value of -1 + -25 + -16 + -1 + (-305 - -328)?
-20
What is -1245 + 1210 - (-2 - 44)?
11
Evaluate -15 - (-37 + 18 + -18) - 105.
-83
Calculate 52 + -1 - (13 + (16 - 32 - -10)).
44
1307 + -1302 - (-1 - -20)
-14
Calculate -6 - -2 - (54 - -4 - 4) - (19 + -15).
-62
-9 - (-1 + -2) - (-2 + (-61 - -10))
47
Calculate (1 + -6 - 0) + (-63 - (-3 + 10 + 2)).
-77
Calculate 5 + -86 - ((35 - 24) + (-20 - -3)).
-75
What is 12 + 17 + (21 - 35) + -7?
8
What is (0 - -2 - -90) + 95 + -114?
73
What is the value of 50 - (131 - 25 - 60)?
4
Calculate (8 - (37 + -20) - (-19 - -14)) + -23.
-27
-69 - (19 + (-27 - 14) - 1)
-46
What is the value of (46 + 1 - (3048 - 2954)) + -11?
-58
(0 - 18) + 640 + -565
57
Calculate -11 - (-1 + -2 + -4 + (-2 - -41)).
-43
What is the value of -11 + (-15 - -100 - ((-16 - -15) + 15))?
60
What is the value of 16 - 26 - ((1 - (2 + -2)) + -34 + -53)?
76
What is (155 - 167) + (-7 - 1)?
-20
What is 14 - -26 - (14 - (-6 + 5))?
25
Evaluate 49 + -6 + 42 + -31.
54
Calculate (25 - 20 - (-22 - -1)) + 3.
29
What is the value of -49 + 9 + -9 - -33?
-16
-205 + 248 + (-193 - -67)
-83
What is (-10 + 4 - -54) + (-89 + 183 - 82)?
60
Calculate -1 - 42 - (4329 - 4320).
-52
2 + 1 + (209 + -374 - -128)
-34
Evaluate -5 - -14 - ((25 - 7) + -13) - -5.
9
Calculate (-1 - (0 + 10)) + (22 + -2 - 13 - 16).
-20
-42 + (33 - (7 - 50))
34
(2 - 3) + -1 - (-228 - -218)
8
15 + (-3 - 15) + 64 + -12
49
89 + 122 - 57 - 92
62
Calculate -27 + -5 + 0 + (-14 - (2 - 2)).
-46
What is (-4 - (-2 + -5)) + (-52 - -22) + (-1 - 1)?
-29
-3884 - -3830 - (-57 + -2)
5
What is (-1 - 6) + -2086 + 2041?
-52
What is the value of -21 - (13 + -19 - (28 - -107))?
120
What is the value of 9 + -7 + 8 - 21 - 3?
-14
(-22 - -35) + -5 + (1 - -28 - (-9 + 8))
38
What is the value of 933 + -913 + (17 - 0)?
37
Calculate (32 - 30) + (-3 - 10) + 9 - 87.
-89
Evaluate -48 - -2 - (510 + -581).
25
What is the value of (85 - 54) + 39 + -46?
24
What is the value of -34 + (0 - -4 - (2 - (31 + -21)))?
-22
What is 37 - (-13 - -43) - -40?
47
Evaluate 53253 + -53273 + (0 - (-97 - -1)) + (0 - 0).
76
Calculate (34 - (61 - 42)) + (24 - -3).
42
What is the value of 177 + -89 - 91 - (2 + 2 + -24)?
17
What is the value of -417 + 417 - (45 + 2)?
-47
What is the value of (-5 - (-32 + 2 + 6)) + (-35 - -49)?
33
Evaluate 23 + -16 + 0 - (-7 - -4 - -23).
-13
Calculate 57 + (-2 - -10 - (7 + 0 + -7 - -6)).
59
(-19 - (-6 + 6)) + -46 + 39
-26
What is (13 - -25) + (-12 + 6 - -7) + -1?
38
What is 0 - 11 - -3 - (7091 + -7066)?
-33
6 - ((-1 - 2) + 55) - 4 - (-221 + 219)
-48
What is the value of -7 - ((-3 - -4) + 10 + (-7 - 2) - 55)?
46
What is 39 - (14 + (-45 - -49))?
21
What is the value of 32 + (5 - ((3 - (2 + 5)) + -41 + 48))?
34
Calculate 35 + 18 + -149 + 11 + 13.
-72
What is (0 - 2) + 3 + -1 + 3 + (170536 - 170600)?
-61
-9 + (-12 - -20) + 4 + (-5 - -5) + 3
6
Calculate (2 + -14 + 25 - 13) + -49.
-49
Calculate -12 + -26 + 51 - (52 - -5).
-44
(14 - 0) + -1 + (-63 - -119 - 165) + 9
-87
-13 + 9 + 79 + -12
63
What is the value of 136 + (-1 - -2 - (0 - -2)) + (91929 - 91923)?
141
What is the value of (0 - -7) + (-21 